alse
Does 9 divide 130158?
True
Is 626405 a multiple of 115?
True
Is 2 a factor of 197564?
True
Is 8 a factor of 237136?
True
Is 1402627 a multiple of 136?
False
Is 30 a factor of 8349095?
False
Does 299 divide 15974830?
False
Is 27394 a multiple of 7?
False
Does 23 divide 6683938?
True
Is 111 a factor of 424418?
False
Does 805 divide 7764225?
True
Is 2 a factor of 416753?
False
Is 88827 a multiple of 87?
True
Is 737000 a multiple of 2?
True
Does 24 divide 39552?
True
Does 132 divide 360228?
True
Is 324 a factor of 319103?
False
Is 30 a factor of 1302810?
True
Does 19 divide 5212460?
True
Does 82 divide 6491202?
True
Is 53 a factor of 6515608?
True
Is 606 a factor of 9262953?
False
Does 56 divide 919968?
True
Is 2182716 a multiple of 12?
True
Is 1087076 a multiple of 13?
False
Is 6 a factor of 3945044?
False
Is 226 a factor of 259312?
False
Is 161 a factor of 11247437?
False
Is 100 a factor of 339804?
False
Does 75 divide 1485?
False
Is 164 a factor of 220908?
True
Is 50576 a multiple of 58?
True
Is 69 a factor of 4611274?
False
Is 78608 a multiple of 68?
True
Is 3 a factor of 146937?
True
Is 413 a factor of 21150801?
False
Does 75 divide 10595824?
False
Is 62 a factor of 97650?
True
Is 717837 a multiple of 162?
False
Does 222 divide 29803500?
True
Does 25 divide 3627002?
False
Does 215 divide 54084?
False
Is 1334144 a multiple of 498?
False
Is 4968854 a multiple of 12?
False
Is 605880 a multiple of 180?
True
Is 157 a factor of 158413?
True
Does 25 divide 481592?
False
Does 184 divide 38327?
False
Is 23584 a multiple of 44?
True
Is 3531504 a multiple of 1247?
True
Is 278404 a multiple of 14?
True
Is 10859166 a multiple of 300?
False
Is 517 a factor of 4282840?
False
Is 1488960 a multiple of 480?
True
Is 11 a factor of 332737?
False
Does 22 divide 952643?
False
Is 71 a factor of 976732?
False
Does 28 divide 2442888?
True
Does 16 divide 5384319?
False
Is 76583 a multiple of 104?
False
Is 26 a factor of 73644?
False
Does 11 divide 146542?
True
Does 3 divide 1112266?
False
Does 273 divide 1836247?
False
Does 254 divide 469392?
True
Does 99 divide 2918453?
False
Is 39 a factor of 191529?
True
Is 391305 a multiple of 95?
True
Is 3244 a multiple of 26?
False
Is 1294 a factor of 1270708?
True
Is 51473 a multiple of 232?
False
Is 30 a factor of 2122199?
False
Is 23004480 a multiple of 16?
True
Is 246 a factor of 248214?
True
Is 53229 a multiple of 143?
False
Does 5 divide 219159?
False
Does 75 divide 730425?
True
Does 44 divide 436866?
False
Is 2681923 a multiple of 84?
False
Is 179 a factor of 1048246?
False
Does 453 divide 53907?
True
Does 77 divide 365519?
True
Is 193123 a multiple of 7?
True
Is 71 a factor of 15287?
False
Is 12 a factor of 398007?
False
Does 7 divide 2827937?
True
Is 941839 a multiple of 10?
False
Does 291 divide 25317?
True
Is 329 a factor of 2670257?
False
Is 14 a factor of 1509746?
True
Does 30 divide 4386?
False
Does 139 divide 11575832?
False
Does 17 divide 136190?
False
Is 122500 a multiple of 10?
True
Is 71991 a multiple of 269?
False
Is 2714899 a multiple of 436?
False
Is 172 a factor of 6193987?
False
Is 1427 a factor of 8266769?
False
Does 474 divide 1230030?
True
Is 15 a factor of 1963842?
False
Is 51294 a multiple of 309?
True
Does 18 divide 53766?
True
Is 225 a factor of 93150?
True
Is 215550 a multiple of 3?
True
Is 67 a factor of 3923654?
True
Does 87 divide 174784?
False
Is 103 a factor of 150132?
False
Does 1009 divide 1643276?
False
Does 60 divide 2793437?
False
Does 1156 divide 4891912?
False
Does 75 divide 19125?
True
Is 14 a factor of 238882?
True
Is 19091193 a multiple of 29?
True
Does 34 divide 1277713?
False
Does 141 divide 7357944?
True
Is 2227 a multiple of 2?
False
Is 32 a factor of 839702?
False
Is 186 a factor of 2446661?
False
Is 174 a factor of 3555085?
False
Is 4521366 a multiple of 181?
False
Is 35479 a multiple of 23?
False
Does 321 divide 4691866?
False
Is 11 a factor of 338250?
True
Does 155 divide 81685?
True
Is 58 a factor of 21866?
True
Is 176 a factor of 20132816?
True
Is 71 a factor of 187227?
True
Is 368 a factor of 8113246?
False
Is 51840 a multiple of 96?
True
Is 185129 a multiple of 371?
True
Is 145 a factor of 472543?
False
Is 2 a factor of 55528?
True
Does 53 divide 493264?
False
Is 54024 a multiple of 3?
True
Is 541671 a multiple of 57?
True
Is 7754380 a multiple of 44?
False
Is 4 a factor of 45002?
False
Does 16 divide 1336576?
True
Is 34 a factor of 126480?
True
Does 893 divide 2420923?
True
Does 73 divide 2456286?
False
Does 12 divide 931884?
True
Is 164296 a multiple of 88?
True
Does 166 divide 2508498?
False
Does 12 divide 8296?
False
Does 429 divide 11097916?
False
Does 19 divide 951273?
True
Is 3225624 a multiple of 21?
False
Does 35 divide 3155700?
False
Is 76 a factor of 2251084?
False
Is 28 a factor of 1248909?
False
Does 179 divide 512742?
False
Does 11 divide 331254?
True
Is 22 a factor of 64416?
True
Does 1351 divide 2202936?
False
Is 637087 a multiple of 34?
False
Is 196716 a multiple of 26?
True
Is 260615 a multiple of 19?
False
Is 1159288 a multiple of 358?
False
Is 156 a factor of 24838?
False
Is 1193672 a multiple of 34?
True
Is 34 a factor of 1692128?
False
Is 369516 a multiple of 371?
True
Does 332 divide 1335304?
True
Does 94 divide 111390?
True
Is 240960 a multiple of 118?
False
Is 2817845 a multiple of 2?
False
Is 65 a factor of 4307680?
True
Is 128905 a multiple of 8?
False
Does 27 divide 850589?
False
Does 6 divide 859?
False
Does 85 divide 742535?
False
Does 34 divide 77887?
False
Is 7 a factor of 51975?
True
Is 397720 a multiple of 305?
True
Is 2326275 a multiple of 194?
False
Is 23 a factor of 3522602?
False
Is 66620 a multiple of 456?
False
Is 11 a factor of 287974?
False
Is 6453945 a multiple of 11?
False
Is 8220968 a multiple of 14?
True
Is 48 a factor of 72336?
True
Is 37 a factor of 396492?
True
Does 657 divide 2108313?
True
Is 549 a factor of 779580?
True
Does 29 divide 9320484?
True
Is 98 a factor of 72194?
False
Is 109 a factor of 425090?
False
Is 120 a factor of 88680?
True
Is 366 a factor of 2824056?
True
Is 575209 a multiple of 40?
False
Is 142 a factor of 439473?
False
Does 20 divide 122825?
False
Does 45 divide 1758780?
True
Does 5 divide 19900?
True
Is 91256 a multiple of 11?
True
Is 5862051 a multiple of 81?
True
Is 19404456 a multiple of 23?
True
Is 2142996 a multiple of 107?
True
Does 1359 divide 1651773?
False
Is 2451260 a multiple of 35?
True
Is 9 a factor of 407646?
True
Does 26 divide 168116?
True
Is 78 a factor of 433914?
True
Does 24 divide 1855731?
False
Is 24 a factor of 66600?
True
Is 1136072 a multiple of 28?
True
Does 12 divide 1443584?
False
Does 687 divide 6157?
False
Does 14 divide 10593?
False
Is 11 a factor of 416383?
True
Does 17 divide 519649?
False
Does 25 divide 73950?
True
Is 226960 even?
True
Is 4 a factor of 157626?
False
Is 5794215 a multiple of 45?
False
Is 34711 a multiple of 12?
False
Does 28 divide 862160?
False
Is 10 a factor of 166022?
False
Is 4 a factor of 9824821?
False
Does 5 divide 35787?
False
Is 1125224 a multiple of 43?
True
Does 71 divide 297285?
False
Is 153271 a multiple of 52?
False
Is 285454 a multiple of 7?
False
Is 1954396 a multiple of 266?
False
Does 72 divide 6163143?
False
Does 31 divide 151094?
True
Does 145 divide 32770?
True
Is 6913116 a multiple of 147?
True
Does 11 divide 12451441?
False
Does 694 divide 3116430?
False
Is 933 a factor of 2418336?
True
Does 15 divide 463147?
False
Is 25 a factor of 12387576?
False
Is 95693 a multiple of 522?
False
Does 4 divide 24100?
True
Is 15 a factor of 175751?
False
Does 17 divide 337314?
True
Is 3429894 a multiple of 129?
False
Is 15 a factor of 770955?
True
Does 287 divide 897528?
False
Does 114 divide 8426082?
True
Does 42 divide 7367460?
False
Is 211 a factor of 672568?
False
Is 37 a factor of 2299069?
True
Does 16 divide 14945428?
False
Does 459 divide 5106263?
False
Does 3 divide 50122?
False
Does 10 divide 188389?
False
Does 20 divide 4480?
True
Does 106 divide 22354504?
False
Is 28 a factor of 903560?
True
Does 10 divide 6055890?
True
Is 2770235 a multiple of 1417?
True
Does 6 divide 380912?
False
Is 71 a factor of 120262?
False
Does 4 divide 795?
False
Does 25 divide 127925?
True
Is 662630 a multiple of 67?
True
Is 24 a factor of 7003865